7380. Suppose 6*y - q = 3*y. Is y prime?
False
Let x = -776 + 2821. Suppose 11 = -4*q - 5, -x = -5*l - 5*q. Is l a prime number?
False
Let k(v) = 4*v**2 - 22*v - 9. Let h be k(6). Suppose h*g - 2520 - 4328 = -4*f, 8549 = 5*f + g. Is f a prime number?
True
Suppose -10*p + 12*p = -4*k + 45208, 2*k = -3*p + 22600. Is k composite?
True
Suppose 15*k - 133378 = 50387. Is k prime?
True
Let k(j) = j**2 - 2*j + 16. Let o(h) = -h**3 - 14*h**2 + 13*h - 37. Let q be o(-15). Is k(q) a prime number?
True
Suppose 0 = -3*p - 3*q + 6306, -3*p + 5*p + 3*q = 4205. Is p a composite number?
True
Is 968*3 + 10/(-25)*5 prime?
False
Let t(h) = -10*h - 11. Let q be t(-14). Suppose -3*l = 0, 2*g - l - 25 - q = 0. Is g prime?
False
Let g = 10 + -11. Let t(p) = 40*p**2 + 2*p + 1. Let s be t(g). Suppose 4*m - s = m. Is m composite?
False
Suppose 0 = 5*u + 5*y + 910, -u + 2*y - 88 = 97. Let h = -98 - u. Is h prime?
False
Suppose -30 = 17*d - 19*d. Let o(q) = 42*q - 7. Is o(d) a composite number?
True
Let c(s) = s**2 - 6*s + 33. Is c(8) prime?
False
Let i be (2 + -7)/(2 - 3). Suppose 2*k = -0*s + 3*s - 3415, -s + i*k = -1121. Is s a composite number?
True
Is (-2)/18 - (-5)/(135/251076) a composite number?
True
Is (-128)/(-96)*15783/4 a composite number?
False
Suppose -3*j + 8*j - 121 = 4*n, 3*j + 2*n = 77. Let r = -30 + j. Is r - -267 - (2 - -1) composite?
True
Let c(l) = 6*l**2 - 8*l + 7. Let t be c(5). Let f = 10 + t. Is f a composite number?
False
Let i = -23 + 20. Let g = -3 - 7. Let x = i - g. Is x a prime number?
True
Suppose -2910 - 1438 = -4*z. Is z composite?
False
Let a = 16 - 0. Suppose -94 = 29*o + 196. Let z = o + a. Is z a composite number?
True
Suppose 2*w = 15 - 41. Let u = w - -14. Let s = 132 - u. Is s composite?
False
Suppose i + 5*d - 1016 - 80061 = 0, d - 81093 = -i. Is i a composite number?
False
Let r(o) = -4*o**2 - 5*o + 2176. Let j(x) = x**2 + x + 1. Let s(a) = 3*j(a) + r(a). Is s(0) prime?
True
Let f = 8482 + -5561. Is f composite?
True
Let t be ((-8)/6)/((-2)/6). Suppose 9*p - 5*p = -5*b + 2630, -5*b - 645 = -p. Suppose -120 = -2*d + 2*r + 208, t*d - 3*r - p = 0. Is d composite?
False
Let p(n) = 1178*n**2 + n + 1. Is p(-2) a composite number?
True
Let z(r) be the second derivative of 31*r**4/12 + r**3/6 - r**2 - 5*r. Let j be z(-3). Suppose j = 4*m - 42. Is m composite?
False
Suppose 5*l - 10 = 0, 2*x + 4*l - 7*l = 6592. Is x a composite number?
False
Let o = 20 - 14. Suppose -38 = -6*a - 8. Suppose 0 = a*h - o*h + 85. Is h a composite number?
True
Let a be 2*1*4/8*-4. Let i(g) = 97*g**2 + 8*g + 21. Is i(a) a composite number?
True
Suppose -9*n + 5*n + 24 = 0. Suppose n*k - k = 2*j - 3180, 4*j = -4*k - 2544. Let v = -415 - k. Is v a composite number?
True
Let w(v) = v**3 - 10*v**2 - 12. Suppose 4*x = -3*h - 638, x - 4*x - 478 = 2*h. Let k be 34/(-119) - x/14. Is w(k) a prime number?
True
Suppose 111 = 2*b - 39. Suppose b - 2278 = -z. Is z composite?
False
Suppose -198 = 17*y + 5*y. Is (-1)/(-6) - (y - 15153/18) a prime number?
False
Suppose -1708 = 2*m - 4474. Suppose -z + 1149 + m = 0. Suppose 0 = 4*d - 4*s - z, 418 = d + 4*s - 225. Is d prime?
False
Let d = 55 - 49. Suppose d*n = 2274 - 432. Is n a prime number?
True
Suppose -9*s + 31142 = -15496. Is s a prime number?
False
Suppose 4*b - p = 252839, -12*b + 7*b = 2*p - 316065. Is b composite?
False
Suppose -3*d + 16115 = 2*d. Is d prime?
False
Suppose 5*i - 31 = d, -2*d + 4*i = 7 + 31. Let u(z) = 14*z**2 + 13*z - 10. Is u(d) a composite number?
True
Let i(v) = v**2 + 2*v - 10. Let r be (-22)/4 + (-1)/(-2). Let g be i(r). Suppose g*m - 584 - 891 = 0. Is m composite?
True
Let t be (-15)/(-10)*36/2. Let h = t + 74. Let i = 8 + h. Is i a prime number?
True
Suppose 0 = -16*j + 27502 - 990. Is j a prime number?
True
Let a = -8 + -170. Let y = -125 - a. Is y composite?
False
Let i(y) = -10 - 10*y**2 - 2*y**3 + 4*y + 8 + 17. Is i(-8) prime?
True
Is (25/(-10))/(6 + 9438/(-1572)) a composite number?
True
Let u(j) = 9*j**2 + 5*j + 3. Let g(r) = r - 1. Let b(n) = g(n) - u(n). Let y be b(5). Let w = y - -652. Is w prime?
False
Suppose 243*u + 11585 = 250*u. Is u composite?
True
Suppose k = 2*y - 8, 0 = -5*y - k - 7 + 20. Is (y - -6)/(-3)*-1 - -56 a prime number?
True
Suppose 3*h = 122 + 115. Let p be h/(2 - -2 - 3). Is (10 - 9)*1*p a composite number?
False
Let j be (-208)/6*90/8. Let g = -97 - j. Is g prime?
True
Let d = -12 + 15. Let z(a) = 117*a**2 + 5. Let y(b) = 233*b**2 + b + 9. Let l(x) = d*y(x) - 5*z(x). Is l(-1) prime?
True
Let u(m) = 105*m - 2. Let n be u(7). Suppose 4*p + n - 2121 = 0. Is p a composite number?
False
Let b be (-2)/(((-2)/5)/1). Suppose 0 = b*c - 0*c - 3*n - 1770, 0 = 3*c - 3*n - 1062. Suppose c + 451 = 5*j. Is j a prime number?
False
Suppose -22*w + 7409 = -2249. Is w prime?
True
Let b be (-2 + -1)/((-12)/(-104)). Let a = -23 - b. Suppose 261 = 5*x - 4*z, -167 = -a*x - 0*z + 5*z. Is x a prime number?
False
Suppose 27*v = 20235 + 191958. Is v prime?
False
Let o(w) = w**3 + 6*w**2 - 11*w - 5. Is o(11) a composite number?
False
Suppose 13*m + 9492 = 4*h + 17*m, -4*m + 8 = 0. Is h prime?
True
Is 267/(-9)*120/(-20) a prime number?
False
Let i(b) = b**2 - b + 1. Let y be i(2). Let r(n) = 5*n**y - 5*n**2 + 0*n**3 - 18*n - 6*n**3 + 15*n - 2. Is r(-5) a composite number?
False
Suppose -12*t + 150032 = 25484. Is t a composite number?
True
Suppose -4*b - 2*x - 2448 + 27442 = 0, -18768 = -3*b + 3*x. Suppose 4*o = -5*f + 12189, -4*f = -o - 3496 - b. Is f prime?
True
Let v(x) = 3*x - 5. Let m be v(-2). Let p = m + 138. Is p prime?
True
Let o(f) = 7*f - 64*f**2 - 8 + 2*f**3 + 60*f**2 - 4. Let v be o(5). Let m = -64 + v. Is m a prime number?
True
Suppose 5*g + 15 = 8*g. Suppose -27728 = -g*q - 11*q. Is q composite?
False
Let b = 11 + -21. Is 4/b*25/(-20)*1954 composite?
False
Suppose -7*u + 6 = -8. Suppose -3882 = -4*z + u*f, -f = f - 10. Is z composite?
True
Suppose 2*b - 4*s = 756, b - 370 = s + 3*s. Let k = -1 - -3. Suppose 0*d + 3*j + 100 = d, 4*d - b = -k*j. Is d a composite number?
False
Suppose 0 = -5*b - 4*m + 41419, -4*m - 24869 = -3*b - 2*m. Is b a prime number?
True
Let f(d) = -7 + 69*d + 118*d + 27*d. Is f(3) composite?
True
Let k be -1492*(1/2)/((-7)/56). Suppose 4*l + 4*l = k. Is l a prime number?
False
Let p(s) = 2*s**2 - 27*s - 6. Let h be p(14). Is h/(-20) + 1 - 772/(-5) a composite number?
True
Let y = 2162 + -1521. Is y a prime number?
True
Let y(i) = -i**3 + 2*i**2 + i + 4. Let b be y(3). Let u be (b + 0)*(-107)/(-2). Let n = -54 - u. Is n prime?
True
Suppose 4*f + 2*a - 94 = 0, 2*f - 105 = -3*f - 5*a. Suppose -3*s + 2*x = -f, 4*x - 38 = -4*s + 5*x. Is s composite?
True
Let x(h) = -3*h**3 + 18*h**2 + 19*h + 43. Is x(-17) a prime number?
True
Let u(m) be the second derivative of m**5/20 + 13*m**4/12 - 17*m**3/6 - 17*m**2/2 + 17*m. Is u(-14) a composite number?
True
Is 20098 + 3 + 0/5 a prime number?
True
Is ((-316962)/(-24))/(39/52) a prime number?
True
Let c(j) = -j**3 - 15*j**2 + 4. Let n be c(-15). Suppose 6*q + n*y - 1221 = 5*q, -y = -4*q + 4850. Is q a prime number?
True
Let a(o) = o**2 - 6*o + 5. Let t be a(3). Is (1/t - 78/(-120))*2815 composite?
True
Suppose 0 = -3*i - 5*r - 0*r + 25, 3*r - 15 = -i. Suppose f + u + 3 = 0, -u - 3*u - 20 = i. Is f - (-676 + (-2)/(-2)) a prime number?
True
Suppose p + 0*p - 7 = -4*g, 34 = 3*g - 5*p. Suppose -4*w + z = -4681, 3*w - 4*z - 3510 = -g*z. Is w composite?
False
Suppose 5670 = 6*z - 9024. Is z prime?
False
Let j be ((-48)/10)/((-12)/40). Let i(b) = -8*b**2 + 2*b + j*b**2 + 3 + 33*b**2. Is i(-2) a composite number?
False
Suppose -2*s + 3 = -3. Let l = 7 - s. Suppose -56 = -5*j + 4*w + 1273, -526 = -2*j - l*w. Is j prime?
False
Let p(i) = 43*i**2 + 5*i + 1. Suppose g - 5*g = r + 5, 3 = r. Is p(g) a composite number?
False
Let g(r) = 3*r**3 - 21*r**2 + 4*r + 7. Let o(n) = -4*n**3 + 20*n**2 - 4*n - 6. Let i(k) = -5*g(k) - 4*o(k). Is i(-25) prime?
True
Let y(o) = -o**2 + 6*o + 4. Let r be (1 - 2)/((-5)/35). Let n be y(r). Is 0 + (n - -2) + 378 a composite number?
True
Let g(b) = -b**3 + 10*b**2 - 12*b - 1. Let j be g(10). Let y = 516 - 218. Let h = j + y. Is h a prime number?
False
Let k be (-6)/(-10)*5/(-4)*-4. Suppose 2*q + q + u = 3623, -3*u + 3627 = k*q. Is q a composite number?
True
Let d(b) = -2*b**3 - 2*b**2 + 3*b + 6. Let o